he greatest common factor of x and 10?
10
Suppose 0 = -3*v - 5*s - 16, -3*s = 3*v + 6 - 0. Let r = v - -9. Calculate the highest common factor of r and 30.
6
Let n = -10 + 3. Let y be (15/2)/(n/(-84)). Suppose -90 = r - 6*r. What is the greatest common divisor of y and r?
18
Let h(p) = 5*p**3 + p**2. Let j be h(-1). Let u = j + 28. Calculate the greatest common factor of 6 and u.
6
Let y(a) = -a**2 + 7*a - 5. Let j be y(4). Let q be 1 + (8*1)/2. Suppose -195 - 120 = -q*o. What is the highest common divisor of j and o?
7
Let v(q) = -q**3 + 8*q**2 - 3*q + 10. Let l be v(6). What is the highest common factor of l and 32?
32
Suppose 2*v - v = 22. Let o(u) = u**2 - 2*u - 2. Let s be o(-5). What is the greatest common factor of v and s?
11
Suppose 14 = 3*t - 4. Let j = -1 + t. Suppose 3*a + 4 = 10. Calculate the greatest common factor of a and j.
1
Let s be 3284/10 + ((-30)/(-25))/(-3). What is the highest common divisor of s and 41?
41
Suppose -4*a + a = -12. Let p be (-212)/(-20) + a/10. Suppose -4*y = -5*o - 25, 5*y + 5*o + p = 76. Calculate the greatest common factor of y and 40.
10
Let c be 2/(-1) + 1 - (-126)/6. Calculate the greatest common factor of c and 4.
4
Let j be (-4)/6*(-702)/4. Calculate the greatest common divisor of j and 13.
13
Let l be 10/5 - (1 + -3). What is the highest common divisor of 40 and l?
4
Suppose 3*x + 33 = 105. Let y be (-5)/(-25) - x/(-5). Calculate the greatest common divisor of y and 10.
5
Let n(v) = -v. Let o be n(0). Suppose 4*z + 3*x - 10 = o, -2*x - 2 = 2*z - 4*x. What is the highest common divisor of z and 11?
1
Let x(b) = -b**2 + 12*b - 19. Let l be x(9). Calculate the highest common factor of 2 and l.
2
Suppose -2*s + 6 = 0, z + 3*s - 41 = -z. What is the highest common divisor of 24 and z?
8
Let i(w) = -w**3 + 6*w**2 - w + 6. Let s be i(5). What is the greatest common factor of s and 26?
26
Suppose s + 2*f - 8 = 7, 4*s = -5*f + 69. Let v = -5 - -12. What is the highest common factor of s and v?
7
Suppose -2*l + 4*w - 5*w + 15 = 0, -3*l = 2*w - 20. Calculate the greatest common factor of l and 2.
2
Let t(s) = s + 13. Let x be t(-14). Let o be (x - -25)/(18/24). Calculate the highest common divisor of o and 8.
8
Suppose 252 = 8*l - l. Suppose -88 = d + d. Let a = -26 - d. Calculate the greatest common factor of l and a.
18
Suppose z - 38 = 2*u, 0*z - 3*u = -5*z + 197. Suppose 2*y + 4 = 44. Calculate the highest common factor of z and y.
20
Suppose 4*r - r + 5*t = 43, -2*r = -2*t - 2. Calculate the greatest common factor of r and 48.
6
Suppose 3*n = -4*o + o + 213, -2*o + 4*n + 130 = 0. Calculate the greatest common divisor of o and 23.
23
Let v(n) = -n + 48. Let g be -1*(-1 + 1 + 0). Let x be v(g). What is the highest common divisor of x and 72?
24
Suppose 0 = -9*v + 122 - 41. Calculate the greatest common divisor of v and 12.
3
Suppose 50 = 2*w + 3*w. What is the greatest common divisor of w and 40?
10
Let n = 32 + 94. What is the greatest common factor of 42 and n?
42
Let h(i) = i**3 - 18*i**2 - 14*i + 15. Let o be h(19). Calculate the highest common divisor of o and 10.
10
Let b = -6 + 19. Let k = 113 - -17. What is the highest common divisor of b and k?
13
Let h(t) = -6*t**3 - 3*t**2 - 9*t - 4. Let v be h(-4). Calculate the greatest common divisor of v and 46.
46
Suppose -16*i - 448 = -20*i. Let r(l) = -2*l**3 - 3*l**2 + 5*l + 2. Let h be r(-3). Calculate the highest common factor of h and i.
14
Suppose 0 = -f + 165 - 5. What is the greatest common factor of f and 20?
20
Let h(m) = -2*m + 8. Let j be h(-4). What is the greatest common factor of 40 and j?
8
Suppose 16 = 3*n - n. Suppose -w + 4 - 2 = 0. Suppose 3*x + 4*p - 20 - 80 = 0, 60 = w*x - 4*p. What is the highest common factor of x and n?
8
Let k = -13 + 7. Let d(i) = -32*i + 6. Let y be d(k). Let p(f) = f**3 + 2*f**2 + 2. Let w be p(2). Calculate the greatest common factor of w and y.
18
Suppose 0*d = d + 1, -5*k - 69 = -d. Let t = k + 95. What is the highest common divisor of t and 9?
9
Suppose 2 = 2*j - 0*j, 2*f - j = -11. Let n be ((-3)/5)/(1/f). Suppose 8 + 1 = n*c. Calculate the highest common divisor of 9 and c.
3
Let u = -39 - -55. What is the greatest common divisor of 8 and u?
8
Let i(z) = -2*z - 3. Let n(v) = 1. Let u(x) = i(x) - 4*n(x). Let y be u(-8). Suppose -3*f - f + 288 = 0. What is the greatest common divisor of y and f?
9
Suppose 3*u + 3*j - 153 = 0, 4*j - 201 = -4*u + j. Let n be (2/1)/(4/u). What is the greatest common divisor of n and 8?
8
Let a be 11 + (-4)/((-4)/1). What is the highest common divisor of a and 6?
6
Let d(b) = 3*b - 5. Let n be d(11). Let f(q) = q**3 - 6*q**2 + 4*q - 2. Let k be f(4). Let u = n + k. What is the highest common divisor of 4 and u?
2
Suppose -4*l + l - 57 = -4*a, 5*a - 80 = 2*l. Calculate the highest common factor of 90 and a.
18
Let v(j) = -j**2 + 8*j - 2. Let z be v(7). What is the greatest common factor of z and 100?
5
Let n = -76 - -133. What is the greatest common factor of 38 and n?
19
Suppose 5*a = -0*a - 20. Let f(h) = -14*h + 3. Let t be f(a). Suppose -5*s + t - 9 = 0. What is the greatest common factor of s and 40?
10
Let w = 129 + -59. Calculate the highest common factor of 28 and w.
14
Suppose 5*f - 27 - 13 = 0. Suppose 5*v + 3*s - 3 - 22 = 0, 2*v + 5*s + 9 = 0. Let d = v + f. Calculate the highest common factor of 40 and d.
8
Let t(k) be the third derivative of k**6/120 + 2*k**5/15 + k**4/6 - k**3/2 - k**2. Let x be t(-4). Calculate the highest common divisor of 15 and x.
15
Suppose 3*p + 40 = 7*p. Let t = 25 + -15. What is the greatest common divisor of p and t?
10
Let i(y) = 2*y**2 - y. Let b be i(-1). Suppose 4*m = b*m + 120. What is the greatest common divisor of 15 and m?
15
Suppose 0 = 4*l - 20 + 68. Let t = l - -28. Calculate the greatest common divisor of 48 and t.
16
Let n be 2*5/(-10)*-3. Calculate the greatest common factor of 1 and n.
1
Let u be ((-210)/(-25))/((-3)/((-45)/2)). Calculate the highest common factor of 7 and u.
7
Let d(u) = 71*u + 1. Let y be d(1). Let k(j) = -3*j**3 - 3*j**2 + 3*j + 3. Let v be k(-3). Calculate the highest common factor of v and y.
24
Let r be ((-14)/(-6))/(4/312). Let a = r + -83. Calculate the greatest common factor of 11 and a.
11
Let p be ((-1)/2)/(16/(-320)). Calculate the highest common factor of p and 90.
10
Let r(q) = -8*q - 34. Let t be r(-8). Calculate the highest common divisor of t and 40.
10
Let u be ((-10)/6)/((-2)/6). Suppose -2*d - u*k - 19 + 78 = 0, -4*d + 125 = 3*k. Calculate the highest common factor of 4 and d.
4
Suppose 4*u - 10 - 7 = -g, -4*u = -2*g + 10. What is the highest common divisor of g and 3?
3
Suppose 6*j - 109 - 35 = 0. Calculate the greatest common divisor of 36 and j.
12
Suppose 4*u + 0*u = 8. Suppose 8*b - 70 = -u*x + 3*b, -2*x - 4*b = -72. Calculate the highest common factor of x and 16.
8
Suppose -2*w + w + 187 = 0. What is the greatest common divisor of 17 and w?
17
Suppose 0 = -5*i + h + 25, -14 = -4*i + 3*h + 6. Let o be -1*4*15/(-4). Calculate the greatest common factor of i and o.
5
Suppose 4*w - 16 = 0, 0 = 4*g + 2*w + 83 - 1383. Calculate the greatest common divisor of g and 19.
19
Let f be 28/6 - 10/75*5. Calculate the highest common factor of f and 12.
4
Suppose 10 = 3*b - 2. Suppose 0 = -2*u + 5*i + 37 + 3, 2*u = -4*i + b. Calculate the greatest common divisor of 20 and u.
10
Suppose 4*i - 78 = 2. Let h(c) = -c - 8. Let z be h(-12). Calculate the greatest common factor of z and i.
4
Let l = -239 - -447. Suppose -76 + l = 2*x. Calculate the greatest common divisor of 6 and x.
6
Let m(f) = -f**3 - 5*f**2 - 4*f + 5. Let t be m(-4). Suppose t*o - 101 = 124. Let n(b) = -4*b - 9. Let g be n(-6). What is the highest common factor of g and o?
15
Suppose -2*n = 4*z - 30, z = n - 0*z. Suppose 2*o = -3*u + u + 28, n*u - 3*o = 102. Calculate the highest common divisor of u and 144.
18
Let p be (2/(-4))/((-2)/8). Let y(x) = -14*x + 64. Let d be y(3). What is the highest common factor of p and d?
2
Let o = -3 - -42. Calculate the highest common divisor of o and 26.
13
Suppose -11*j + 13*j - 140 = 0. Calculate the greatest common factor of 28 and j.
14
Let x = 30 + -26. Suppose -18 = -x*f + 2. Calculate the greatest common divisor of 20 and f.
5
Suppose 27 = v + 2*q, 3*q = 4*v - q - 72. Calculate the g